 (5 - (-1 + 2)) + (-231 - -221) + -2?
-8
(-4 - -9) + -24 + 11 + 19
11
Evaluate -1 + -1 + (-2 - -6 - (-1 + -2)).
5
1 + -8 + 10 + (-4 - -9)
8
Calculate 16 + (-32 - -13) + 3 + 18.
18
What is (0 + 1 - 2) + (45 - 26 - 19)?
-1
Calculate -2 + 3 + -2 + (83 + -44 - 57).
-19
-20 - (-23 - -14) - -3
-8
Evaluate (1 - -3) + -8 + 1 + 1 + 10.
8
Calculate (-15 - -10) + (-7 - 5) + 4.
-13
What is 16 - (-1 + (-5 - -11)) - (-102 - -138)?
-25
What is the value of (2 - 5) + -9 + (167 - 158)?
-3
Calculate -6 + 7 - (-24 + 32).
-7
Calculate 0 - (31 - ((2 - 12) + 19)).
-22
What is the value of (0 - -25) + -56 - -20?
-11
9 + -9 + (-6 - -3) + 0 + 1
-2
Calculate (7 - -7) + (17 - 38).
-7
-5 + 13 + 9 + -1
16
6 - ((-28 - -12) + 21)
1
Evaluate 2 + 3 + -4 + 4 + -9 + 15.
11
What is 17 - 4 - (9 - 0)?
4
Calculate -23 + -7 + -7 + (-3 - 9) + 16.
-33
Evaluate -10 - (8 + -6) - -11 - (-21 - -1).
19
What is the value of 6 - 0 - (-14 + 38 - 29)?
11
0 - 0 - ((-16 - -6) + 21)
-11
What is the value of 35 + 0 + 331 + -340?
26
What is the value of (-3 - (-7 - 0)) + (4 - 2) - -2?
8
Evaluate -5 + 3 + -2 + 17 + -46 + 10.
-23
What is -31 + 63 + (3 - -1)?
36
What is 28 - (-26 + 46 - 1)?
9
What is 2 - ((12 - 21) + 1 + (-7 - -25))?
-8
(-9 - (3 + 5)) + 4
-13
Calculate 5 + (3 - (-6 + 9)) + -5.
0
(-3 - -2) + (-9 - -7)
-3
(14 - 4 - 4) + -18
-12
What is (-13 - -9) + 3 + -13?
-14
What is 12 + (-13 - (-15 - (-11 - -9)))?
12
What is -7 + -48 + 48 + -1 + (0 - 4)?
-12
106 - 68 - (2 + 32)
4
14 - (45 - 19) - (-4 + -24)
16
What is 5 + -4 + -17 + 13 + -5?
-8
-42 + (9 - -25) - -7
-1
Evaluate -14 + -8 + 30 - -4.
12
Evaluate -16 + (-5 - (-8 + -32)) - -12.
31
Evaluate 4 - (-2 - -27 - 16).
-5
What is -10 + (2 - (5 + -11)) - -4?
2
(5 - 0) + -942 + 958
21
Evaluate 8 + -9 + -4 + 6 - -2.
3
What is 86 + -92 - (0 + -1 + 3 + 0)?
-8
Calculate 11 + -18 + 14 + -2.
5
-3 - ((0 - 0) + 6 + -5 + 6)
-10
What is (-38 - (-6 - (-13 - -21))) + 6?
-18
(32 - 24) + 2 + -7
3
What is the value of (-11 - -11) + (-3 + 3 - -2) + -2?
0
39 + -29 - (18 - -1) - 1
-10
Calculate 11 + 3 - (7 - (2 - (0 + 0))).
9
Calculate 14 + -6 + -33 + 31.
6
(38 - 45) + (-1 - 1) - -20 - 1
10
What is 22 + -2 + -176 + 141?
-15
What is the value of -6 + 1 + 13 + -7 + 13?
14
Evaluate 16 + 20 + -38 + 4 + -1 - 7.
-6
Evaluate 7 + -19 + 30 + -3 + (-2 - -3).
16
What is -5 - (-15 + 1 + 26) - (1 + 1)?
-19
Evaluate -1 - (5 + -1) - (61 + (36 - 80)).
-22
What is the value of (2 - 4) + -9 + -17 + 9?
-19
Evaluate (21 - (-1 + 8)) + -5.
9
8 - (-5 + 3) - (203 + -187)
-6
Calculate 8 + (-2 - -5) + -4 - 13.
-6
31 + -2 - (-20 + 52 + -12)
9
Evaluate (-36 - -15 - -27) + -18.
-12
(-3 - -30 - 15) + (-3 - 0)
9
-8 - (18 + -30 + -24)
28
Evaluate -2 + (9 - (-9 + 12)).
4
1 - 2 - (-1 + (1 - (-1 - 4)))
-6
Calculate 2 + -3 + 4 - (-12 - (-30 - -7)).
-8
What is the value of 8 - (-2 - (-2 + 3)) - -3?
14
What is 3 - (-5 + (-8 - (-16 + -8)))?
-8
(13 - (26 - 8)) + (6 - -8)
9
Evaluate 5 + -19 + (6 - 6).
-14
12 - (2 + (17 - 15))
8
Evaluate -1 + -22 - (254 + -296).
19
Evaluate 23 - (18 - (-23 - -26)).
8
Evaluate -40 + 17 + 17 + 35.
29
-10 + -1 + 4 - (6 - 1)
-12
Evaluate (59 - 49) + (28 - 15).
23
What is -47 + 62 + (-2 - 14)?
-1
What is the value of (11 - 5) + -2 - (-2 + -4)?
10
Evaluate -11 + 27 + -1 - 42.
-27
3 - (4 - (-17 - (-7 + 3)))
-14
Calculate 11 + (-15 + -8 + 16 - -3).
7
18 + 6 + -17 - (0 - -1)
6
-32 - (31 + -59) - -22
18
Evaluate 14 - ((-2 - -12) + -5 + -3).
12
What is the value of 42 - (17 - -9) - (-1 + 24)?
-7
Calculate 6 - (2 + -12 + 38).
-22
What is 2 - -7 - 5 - (3 + 14)?
-13
Evaluate (-22 - 1) + -1688 + 1718.
7
Calculate 20 + (-1 - -2 - (29 + -40)).
32
Evaluate (-29 - -90) + -22 - 68.
-29
-307 + 264 - (-37 + 2)
-8
Calculate 16 - -3 - (-4 - (-24 + 23)).
22
What is (23 - 28) + (4 - -1 - -5)?
5
What is the value of (-27 - 1) + (-8 - -9) + 12?
-15
What is 3 + -1 + 2 + (-13 - (7 - 33))?
17
15 + -10 + (-1 - -4) + (-26 - 0)
-18
Calculate 0 + -1 - ((14 - 29 - -12) + -7).
9
-94 + 137 - (20 - -1)
22
What is 33 + 35 - (13 - -27)?
28
Evaluate -5 - (-1 + (6 - 6 - 0)) - -14.
10
21 - ((-4 - -6 - 3) + 4 - 7)
25
Evaluate 33 - (53 + -11) - -9.
0
Calculate (-79 - -100) + 10 + -8.
23
2 + (-32 - -34 - (-1 + -3 - 0))
8
What is the value of -1 + -18 - (195 - 199)?
-15
-36 - ((2 - 17) + (-8 - -13) + 0)
-26
What is the value of -21 + (-11 - (19 - 24))?
-27
What is the value of 0 - (-2 + -4 + 2)?
4
Evaluate (-5 - (31 + -17)) + 1.
-18
What is the value of -5 + 5 + -20 + 20 - -1?
1
(-15 - -10) + (1 - -9) + -4
1
Evaluate 17 + (-18 - (11 + -15)) - (-8 - -1).
10
What is -3 + (6 + -4 - 3) + 33?
29
-18 - (1 + -11 - -7)
-15
21 + -37 + 49 + -3
30
What is the value of 9 + (24 - (-3 + 11)) + -10?
15
What is -10 - (12 - (9 - -1))?
-12
What is 8 + 1 + (-20 - -26) + (-12 - -2)?
5
Evaluate -46 + 6 - (29 - 61).
-8
24 + (3 - 23) + -1 + -2 + -1
0
-9 + 7 + (0 - 7)
-9
Evaluate -44 + 59 + (-16 - 1).
-2
What is the value of 2 + (12 - 21) + -2 + 0?
-9
11 + -1 + -19 + (6 - -5)
2
What is 12 + (-4 + -6 + 8 - 0)?
10
(-7 - (5 - -5 - 24)) + -5
2
What is -5 - (-12 - (-1 + 1 - 2))?
5
-11 + 9 + -39 - (1 + -1 + -9)
-32
What is the value of (1 - (2 + 9)) + (0 - 6)?
-16
What is 6 + (5 - 3) + (-1 + 12 - 42)?
-23
Evaluate -4 + -2 + (-3 - (-2 + 0 + 4)).
-11
Calculate 1 + -7 + (-22 - -28).
0
Evaluate 8 + -1 + 42 + -35 - (-3 + 9).
8
Evaluate 18 + 10 + -8 + -14.
6
-7 + 5 + (9 - (-2 - 3 - -6))
6
Calculate -29 + 26 + -3 + 17.
11
What is the value of 47 + -75 + (-42 - -63)?
-7
What is the value of (4 + 0 - -3) + 7 + (-32 - -2)?
-16
1419 + -1433 - (-45 - -1)
30
What is -1 + -3 + 14 + -6 + -4 + 1?
1
Calculate (1 - 7) + 17 + (12 + -21 - 3).
-1
-3 + 6 + 3 - (5 - -22 - 6)
-15
Calculate 39 - (48 + -33 + -8).
32
(2 - 1 - 15) + (-65 - -64)
-15
Evaluate 17 - 13 - (-10 - 3).
17
What is (0 + 5 - (21 - 30)) + -2?
12
2 + (0 - 5) + 3 + 2 + 10
12
5 - ((-7 - -13) + -20 + 5)
14
What is the value of (4 + 14 - (10 - 0)) + 10?
18
128 - 126 - (4 - (24 + -2))
20
What is -2 + 6 - 14 - -22?
12
What is the value of -45 + 45 + 5 - (-1 + -16)?
22
What is the value of -10 + (-28 - -42) + -37?
-33
Calculate -30 + -8 + (-6 - (1 - (6 - -7))).
-32
What is the value of 39 + -22 + -5 + -9?
3
Evaluate -4 - (10 + -2 + -17 + 17).
-12
Calculate -7 + 5 + -2 + 23 - (8 + 1).
10
Evaluate 1 + 11 + (-28 - -21) - 4.
1
What is the value of -1 + -9 + -117 + 129?
2
What is 1 + -7 + (9 - 2) + -12?
-11
(0 - 14 - -9) + 2
-3
Evaluate (-2 + -11 + 4 - (6 - -17)) + 8.
-24
What is 3 + 1 + -9 + -55 + 65?
5
12 + 11 + -2 + -13 + 7
15
What is the value of -5 - ((3 + -16 - 13) + -4)?
25
-13 - ((64 - 23) + -79)
25
0 - (-1 + 16 + (-1 - 7) + -14)
7
What is 0 - 5 - ((-66 - -70) + -2 + 4)?
-11
4 + 0 + -2 + (-6 - -11) + -5
2
What is -5 + (-1 - 1) + -2 + -5?
-14
Calculate -23 - -33 - (1 - -12).
-3
Calculate 5 - -1 - (60 - 33 - 31).
10
What is the value of 23 - (-13 + 12 + 1 - -6)?
17
-2 + 6 + -1 + (5 - -4) + -13
-1
Calculate 9 + (6 - 3) + -1 - 16.
-5
What is the value of (-4 - (-4 - -11)) + (-4 - (-1 + -3))?
-11
What is 10 + -10 + -23 - (-12 - -7)?
-18
What is 4 + (1 - (1 + 8)) - 5?
-9
What is (9 - 26) + 21 - (3 - -2 - -1)?
-2
Evaluate 125 + -113 + -12 + 1.
1
Calculate (14 - -1) + -2 - (-1276 - -1281).
8
-13 + (11 - (-6 + -1)) + -13
-8
-1 + 7 + 10 + (-3 - -2)
15
What is 39 + (-51 - -16) + -38?
-34
Calculate 28 + (-35 - (-11 - 1)).
5
Calculate -2 - (-22 + 9) - 40 - -5.
-24
What is the value of -11 + 0 + (-3 - -26)?
12
Calculate 0 + (-8 - -3) + -57 + 60.
-2
Evaluate 3 + 12 + 10 + -3.
22
Calculate -7 - -19 - 9 - (3 - -1).
-1
Calculate 9 - ((-3 - -4) + 14).
-6
What is the value of -11 + -15 + 2 + 14 - -15?
5
What is the value of -12 + (1 - 8) + 24?
5
What is -32 + 14 - -29 - (1 + -1)?
11
Calculate -598 + 609 + (-1 - 19).
-9
What is -88 + 18 + (33 - 3)?
-40
What is -1 - 3 - ((8 - -5) + (2 - 37))?
18
Evaluate (10 - 1) + -10 + 8 + 1.
8
What is the value of 13 + -10 + -9 - -15?
9
What is the value of 50 + -41 + (-3 - 0)?
6
Calculate -1 + 12 + (5 + (12 - 9) - -1).
20
7 - (5 + -17 + 9)
10
Evaluate -1 + -1 - (-112 + 120).
-10
Calculate (-3 - -11) + -4 + -1 - (-7 + -1).
11
Evaluate -6 + 2 + (-1 - -4) + -9.
-10
(27 - (15 - 7)) + -10
9
-7 - -22 - -1 - 18
-2
Evaluate -5 - (-23 + 11 + 9 + 10) - -47.
35
Evaluate (-17 - (-71 + 27)) + 1 + -13.
15
-9 - -13 - (8 + -1) - 10
-13
6 + 10 - (-5 - -36)
-15
Evaluate (-9 + 6 - 0 - -5) + -3 + -2.
-3
Calcula